number?
False
Is 2831 composite?
True
Is 4890251 a composite number?
False
Is 269867 prime?
False
Is 71773 a composite number?
True
Is 208381 composite?
True
Is 6121 a composite number?
False
Is 4201 prime?
True
Is 40813 prime?
True
Is 1732099 composite?
True
Is 29219 a composite number?
True
Is 24803 a prime number?
False
Is 1352749 a composite number?
False
Is 82133 composite?
True
Is 923903 a composite number?
False
Is 642769 a composite number?
False
Is 44633 prime?
True
Is 11641 a composite number?
True
Is 11789 a prime number?
True
Is 4985759 a composite number?
True
Is 296363 prime?
True
Is 19607 composite?
True
Is 1279 prime?
True
Is 12763 a composite number?
False
Is 2419 prime?
False
Is 44359 a composite number?
True
Is 756039 prime?
False
Is 6065 composite?
True
Is 237547 composite?
False
Is 29243 a prime number?
True
Is 33997 prime?
True
Is 34637 prime?
False
Is 401623 prime?
False
Is 15109 a composite number?
True
Is 18503 prime?
True
Is 557 prime?
True
Is 3389 prime?
True
Is 14173 a composite number?
False
Is 8741 prime?
True
Is 3239083 a composite number?
True
Is 8219 a prime number?
True
Is 2833 a prime number?
True
Is 1401071 a prime number?
False
Is 309251 prime?
True
Is 593839 composite?
False
Is 130619 composite?
False
Is 238703 a composite number?
False
Is 154367 a composite number?
True
Is 648947 a prime number?
False
Is 29102 prime?
False
Is 208597 composite?
True
Is 124897 a composite number?
False
Is 1439 a prime number?
True
Is 174355 prime?
False
Is 798943 a prime number?
True
Is 16505 a prime number?
False
Is 10379 composite?
True
Is 75149 prime?
True
Is 102041 a composite number?
True
Is 15859 a composite number?
False
Is 17213 a prime number?
False
Is 32187 a prime number?
False
Is 4751 a prime number?
True
Is 569945 a prime number?
False
Is 2503 prime?
True
Is 144862 composite?
True
Is 490367 composite?
False
Is 3901 a prime number?
False
Is 163531 prime?
False
Is 62941 a prime number?
False
Is 5142785 composite?
True
Is 7559 composite?
False
Is 1001191 a composite number?
False
Is 968313 composite?
True
Is 215297 a composite number?
False
Is 250427 prime?
False
Is 8147 composite?
False
Is 15547 prime?
False
Is 9967 composite?
False
Is 24943 a prime number?
True
Is 14341 composite?
False
Is 7801 prime?
False
Is 10951 a prime number?
False
Is 78878 prime?
False
Is 787 a composite number?
False
Is 88687 a composite number?
True
Is 626239 prime?
True
Is 20807 composite?
False
Is 131591 a prime number?
True
Is 21377 a prime number?
True
Is 5039 a prime number?
True
Is 2591 a composite number?
False
Is 6521 composite?
False
Is 19121 a composite number?
False
Is 4691 composite?
False
Is 11157 a composite number?
True
Is 3646 composite?
True
Is 395191 a composite number?
False
Is 106439 prime?
False
Is 371 prime?
False
Is 57413 prime?
True
Is 3797 a prime number?
True
Is 17011 a composite number?
False
Is 37523 prime?
False
Is 5077 a composite number?
False
Is 222559 a composite number?
True
Is 104459 a composite number?
False
Is 211129 prime?
True
Is 49807 prime?
True
Is 63449 prime?
False
Is 3557 prime?
True
Is 29269 a composite number?
False
Is 8039 a prime number?
True
Is 13229 a composite number?
False
Is 575241 a composite number?
True
Is 2927 composite?
False
Is 11959 composite?
False
Is 1228705 a prime number?
False
Is 15727 a prime number?
True
Is 9551 a composite number?
False
Is 49103 prime?
True
Is 74751 a prime number?
False
Is 411637 prime?
True
Is 8354 a composite number?
True
Is 149993 composite?
False
Is 1597121 a composite number?
True
Is 20477 a prime number?
True
Is 11351 a composite number?
False
Is 494573 prime?
False
Is 1206301 prime?
False
Is 152909 a prime number?
True
Is 186071 a prime number?
True
Is 10499 composite?
False
Is 152879 a composite number?
False
Is 22467 prime?
False
Is 39115 a prime number?
False
Is 163193 composite?
False
Is 73433 a prime number?
True
Is 39 a composite number?
True
Is 17669 a prime number?
True
Is 1572481 composite?
True
Is 1125517 a composite number?
True
Is 2927 prime?
True
Is 19709 a composite number?
False
Is 630281 a composite number?
False
Is 5703 a prime number?
False
Is 174497 composite?
True
Is 2279669 a composite number?
True
Is 395807 a prime number?
False
Is 34247 prime?
False
Is 9199 composite?
False
Is 367357 a composite number?
False
Is 831911 a prime number?
True
Is 40897 prime?
True
Is 14377 a prime number?
False
Is 2744491 a composite number?
False
Is 101221 a prime number?
True
Is 493831 a prime number?
False
Is 38593 a composite number?
False
Is 8903 a composite number?
True
Is 25057 a prime number?
True
Is 39731 composite?
True
Is 297359 prime?
True
Is 115807 prime?
True
Is 10771 composite?
False
Is 51893 a prime number?
True
Is 1042009 composite?
True
Is 639185 prime?
False
Is 334349 prime?
True
Is 119953 composite?
False
Is 10765 prime?
False
Is 21779 prime?
False
Is 32909 prime?
True
Is 641 composite?
False
Is 93809 a prime number?
True
Is 226283 a prime number?
True
Is 114461 prime?
False
Is 89041 composite?
False
Is 9859 a composite number?
False
Is 69371 a prime number?
True
Is 9467 prime?
True
Is 17861 a prime number?
False
Is 529619 a composite number?
False
Is 3709 prime?
True
Is 73241 composite?
True
Is 169987 prime?
True
Is 306713 composite?
True
Is 721007 a prime number?
False
Is 2095 a composite number?
True
Is 3959 composite?
True
Is 21259 composite?
True
Is 28697 composite?
False
Is 224443 prime?
True
Is 17681 a prime number?
True
Is 769 composite?
False
Is 1151807 a prime number?
True
Is 607211 prime?
False
Is 29009 a prime number?
True
Is 14867 composite?
False
Is 43637 composite?
True
Is 4759 composite?
False
Is 655679 composite?
True
Is 5557489 a prime number?
False
Is 258617 prime?
True
Is 1544143 prime?
False
Is 6299 composite?
False
Is 13259 composite?
False
Is 7723 a prime number?
True
Is 327269 a prime number?
False
Is 63949 composite?
False
Is 28751 prime?
True
Is 1796809 composite?
True
Is 701 a prime number?
True
Is 59881 prime?
False
Is 1537 prime?
False
Is 197803 composite?
False
Is 128549 a composite number?
False
Is 30201 prime?
False
Is 87089 a prime number?
False
Is 379159 prime?
False
Is 21635 composite?
True
Is 413951 composite?
False
Is 55795 a composite number?
True
Is 97 prime?
True
Is 545297 a composite number?
True
Is 429647 composite?
True
Is 1315349 a prime number?
False
Is 152681 a composite number?
False
Is 15013 prime?
True
Is 129707 a composite number?
False
Is 171733 composite?
False
Is 641 prime?
True
Is 18897 composite?
True
Is 5137 a composite number?
True
Is 5179 a prime number?
True
Is 21313 a prime number?
True
Is 541 a composite number?
False
Is 3593 a prime number?
True
Is 83023 composite?
False
Is 10529 prime?
True
Is 23 a composite number?
False
Is 61041 a composite number?
True
Is 734 a composite number?
True
Is 190753 a composite number?
False
Is 97819 a composite number?
True
Is 134429 composite?
True
Is 66779 composite?
True
Is 26977 prime?
False
Is 8941 prime?
True
Is 400909 prime?
False
Is 24223 composite?
False
Is 502 composite?
True
Is 48073 prime?
True
Is 84857 composite?
False
Is 98961 a composite number?
True
Is 173969 a composite number?
False
Is 710777 prime?
True
Is 6805 a composite number?
True
Is 696469 a composite number?
True
Is 102761 a prime number?
True
Is 150333 a prime number?
False
Is 2074433 a prime number?
True
Is 1027223 a composite number?
False
Is 13667 a composite number?
True
Is 45763 prime?
True
Is 192161 prime?
True
Is 136127 a prime number?
False
Is 26753 a prime number?
False
Is 56395 composite?
True
Is 5953 a prime number?
True
Is 29909 prime?
False
Is 2459 prime?
True
Is 1121423 a composite number?
False
Is 4645 a composite number?
True
Is 188867 composite?
True
Is 42233 a prime number?
False
Is 13649 a prime number?
True
Is 15221 composite?
True
Is 78059 prime?
True
Is 26209 a composite number?
False
Is 184669 a prime number?
True
Is 751186 prime?
False
Is 1155373 prime?
True
Is 49003 composite?
False
Is 16361 a composite number?
False
Is 152183 a prime number?
True
Is 192715 prime?
False
Is 1820201 a composite number?
False
Is 57003 prime?
False
Is 7051 composite?
True
Is 298985 prime?
False
Is 2141515 prime?
False
Is 122263 a composite numbe